 s(r) = 15 + 7*r - 9 + r**2 - 3*r**2. Let t(w) = -w + 1. Let o(p) = -s(p) - 2*t(p). List the prime factors of o(6).
2, 17
Let d = -687 - -1442. What are the prime factors of d?
5, 151
Let i = 1118 + -589. List the prime factors of i.
23
Let j = 1403 - 971. Suppose 12*h - 4*h = j. What are the prime factors of h?
2, 3
Let x(w) = -w**3 - 22*w**2 - 50*w + 60. What are the prime factors of x(-23)?
37, 47
Suppose -p + 139 = 7*l - 6*l, 5*l + 15 = 0. List the prime factors of p.
2, 71
Suppose 10*f - 19224 = 2*f. List the prime factors of f.
3, 89
Let j be 186/42 + (-3)/7. Let z be (6/j)/((-48)/(-128)). Suppose 164 = 4*k + 5*g - 3*g, -z*g = 2*k - 70. List the prime factors of k.
43
List the prime factors of -2*(2105/(-2) - (10 + -4)).
29, 73
Suppose -6*w + 1189 = -1475. List the prime factors of w.
2, 3, 37
Suppose 0*x = -4*x + 544. Suppose 2*s - x = -44. What are the prime factors of s?
2, 23
Suppose 4*o - 5*b - 2579 = 0, 5*b + 5 = 10*b. What are the prime factors of o?
2, 17, 19
Suppose 3*a = 23*c - 20*c + 3651, 4*c - 2416 = -2*a. List the prime factors of a.
2, 607
Suppose -3*m - 107 = -4*m. Suppose -85 = -3*r + m. What are the prime factors of r?
2
List the prime factors of -1*2*3*10/(-15).
2
Let c = 2 - -6. Suppose -3*n + c = -4. Suppose 2*r - 3*o - n - 9 = 0, -r = o - 9. List the prime factors of r.
2
What are the prime factors of 170 + (0 - 3 - -7)?
2, 3, 29
Let o(f) be the third derivative of -f**6/120 - 7*f**5/60 + 11*f**4/12 - 4*f**3/3 - 29*f**2. What are the prime factors of o(-11)?
2, 3, 13
Let u be (-807)/(-6) + -3*2/(-12). Let i = 203 - u. List the prime factors of i.
2, 17
Let u(k) = k**2 + 15. Let p be u(0). Let o = p - 13. Suppose 3*b = -o*z - 0*z + 64, 2*b + 3*z - 36 = 0. List the prime factors of b.
2, 3
Suppose -7 = 2*o + 9. Let n be o*1*(2 + -4). Suppose w - n - 33 = 0. What are the prime factors of w?
7
Let v be (10/(-6))/(100/(-360)). Suppose s + 20 = v*s. List the prime factors of (-2)/s - (-465)/6.
7, 11
Let r = 70 + 171. Let l = r - 146. What are the prime factors of l?
5, 19
Let f(r) = 9 - 32 + 85*r**3 - 16*r**2 - 84*r**3 + 7*r. What are the prime factors of f(16)?
89
Let d = -225 + 259. List the prime factors of d.
2, 17
Let s(p) = -28*p**3 + 6*p**2 + 2*p + 8. Let a be s(-4). Suppose 9*i - a = i. What are the prime factors of i?
2, 59
Let b = -16 + 16. Suppose 5*h - 4 + 54 = b. List the prime factors of (-564)/h + 24/(-60).
2, 7
Let f be (-2)/7 - (-92)/28. Let m(l) = 11 + f*l - l**2 + l + 3 - l. What are the prime factors of m(0)?
2, 7
Let p(j) = -j**3 - 11*j**2 + 3*j + 18. Let y be p(-13). Suppose -415 = -5*w - 5*a, -w - 3*w - a = -y. List the prime factors of w.
2, 3, 13
Suppose -3*v + 10*y + 6750 = 9*y, -2250 = -v - 2*y. What are the prime factors of v?
2, 3, 5
Let c be (-3)/(-2)*(-1 + -1). Let y = 3 + c. Suppose 2*g = -y*g + 52. What are the prime factors of g?
2, 13
Let r(n) = n**3 + 17*n**2 + 18*n + 34. Let c be r(-16). Suppose 2*l = -c*v - 3*l + 264, 0 = -v + l + 132. What are the prime factors of v?
2, 3, 11
Let n(a) = 3*a**3 + 25 - 2*a**3 - a**2 - 2*a**3. Let p be 0*(12/8)/3. List the prime factors of n(p).
5
Suppose -24*x = -22*x - 12. Suppose 0*q - 468 = -x*q. List the prime factors of q.
2, 3, 13
Suppose -5*m + 4*t = -1042 - 3436, 3*m - 2692 = 5*t. List the prime factors of m.
2, 3, 149
Suppose 3*o - 503 = 5914. What are the prime factors of o?
3, 23, 31
Let m = 27 + -24. What are the prime factors of m/5 - (-1285)/25?
2, 13
Let m(r) = -r**3 - 6*r**2 + r. Let i be m(-7). Suppose 0*x - i = -x. List the prime factors of x/4 + (-8)/16.
2, 5
Let i(y) = 2*y**3 - 43*y**2 - 11*y + 44. What are the prime factors of i(23)?
2, 13, 53
Suppose s - 2994 = -2*s + w, -2*w = 4*s - 3982. List the prime factors of s.
997
Let c(b) = 32*b**2 - b. Let g be c(-1). Let y be -4*(0 + 1)*84/48. Let t = g + y. List the prime factors of t.
2, 13
Suppose -6*b = -7*b + 3. Suppose -b*g - 5*z + 3 = -4, -g - z = -3. Suppose 0 = -g*y + 24 + 32. What are the prime factors of y?
2, 7
Let c(d) = -d**2 + 4*d + 7. Let z be (-15)/(-2)*6/9. Let g be c(z). Let s(x) = 11*x - 5. What are the prime factors of s(g)?
17
Let t(f) = f**3 + 16*f**2 - 12*f + 17. Let u be t(-17). Let m = 102 + u. What are the prime factors of m?
2, 17
Let w(m) = -239*m**3 + m**2 - 6*m - 4. What are the prime factors of w(-2)?
2, 13, 37
Let t(x) = 168*x**2 + 10*x - 25. What are the prime factors of t(3)?
37, 41
Let u be (1 + 22 - -1) + 1*3. Suppose 0 = -c + 5*c + 3*o - u, -3*c + 22 = 4*o. List the prime factors of c.
2, 3
Let g be (0 - -7 - 6) + 16 + 0. Suppose 4*p + 3*l - 93 = 0, 0 = -3*p - 4*l + g + 44. List the prime factors of p.
3
Suppose -11*q = -7*q - 8. Let j(u) = -u**3 - u**2 + 0*u**q + 4*u**2 + 2*u**2 + 3. What are the prime factors of j(4)?
19
Let b(i) = 5*i**2 + 2*i + 1. What are the prime factors of b(6)?
193
Let x = 3 + 5. Let d = 508 - 506. Suppose -3*o = -x*o + 5*t + 200, 0 = 4*o + d*t - 190. What are the prime factors of o?
3, 5
Let j(s) = -s**3 + 7*s**2 + 11*s - 14. Suppose -11*m - 55 + 143 = 0. List the prime factors of j(m).
2, 5
Let j = -456 - -481. List the prime factors of j.
5
Let q = -21 + 23. Suppose -4*c + 66 = w, 11*w + q*c - 420 = 6*w. What are the prime factors of w?
2, 43
Let b be 10/85 + 5 + 2/(-17). Suppose -315 = -b*t + 5*y, -5*t = -0*y + 2*y - 322. What are the prime factors of t?
2
What are the prime factors of (15928/(-33))/((-2)/3)?
2, 181
Suppose 0 = 927*m - 925*m - 9806. What are the prime factors of m?
4903
Let m be 39/(-4)*(-4 - 8/6). Suppose 0 = -m*d + 57*d - 880. What are the prime factors of d?
2, 11
Let h = 13 - 9. Let a = 7 - h. Suppose -2*l + 20 = a*l. List the prime factors of l.
2
Let m = -158 - -196. List the prime factors of m.
2, 19
Let s = 707 - 217. List the prime factors of s.
2, 5, 7
Suppose -j = 8 + 17. Let f = -20 - j. Let l = 46 + f. What are the prime factors of l?
3, 17
Suppose -80 = 5*c - q, 2*q - 73 = 4*c + 3*q. Let i = c + 244. List the prime factors of i.
227
Suppose -4*l - b = -3*b, 3*b = l. Let p(w) = w**3 - 9*w**2 + 4*w - 12. Let s be p(9). Suppose l = 2*c - 108 + s. What are the prime factors of c?
2, 3, 7
Suppose -4*f + 3 - 5 = -y, 0 = 2*f + 5*y + 12. What are the prime factors of 14 - (f - 12/3)?
19
Let y(u) = 2*u**3 - 5*u**2 - 10*u + 7. Let p be y(-3). Let n = p - -100. What are the prime factors of n?
2, 19
Suppose 7692 = 9*c - 7212. What are the prime factors of c?
2, 3, 23
Let z = 3786 + -1949. What are the prime factors of z?
11, 167
Suppose -2*c + 318 = -2*b + 3*c, b = -3*c - 170. Let q = -56 - b. What are the prime factors of q?
2, 3
Let v(d) be the third derivative of d**5/60 + 5*d**4/24 - d**3 + 2*d**2. Let p be v(-6). Suppose p = -2*r + 3 + 15. List the prime factors of r.
3
Let y(d) = d**2 - 5*d - 5. Let v be y(6). Let b(x) = 361*x**2 - 3 - 1 + 2*x + 3 - 346*x**2. What are the prime factors of b(v)?
2
Let r(m) = m**3 + m**2 + 4. Let i be r(0). Suppose i*s - 2*u = 4, 2 = -2*s - 2*u + 16. Let o(b) = -b**3 + 7*b**2 - b + 3. What are the prime factors of o(s)?
2, 3
Let x(i) = -26*i + 55. What are the prime factors of x(-9)?
17
Let f be (0 - -4) + 2 + 10. Let c = f - 16. Suppose -2*t - a + c*a + 87 = 0, 0 = 3*t + 4*a - 128. What are the prime factors of t?
2, 11
Suppose 4*o + 4*a = 3*a + 21, 4*o + 4 = 4*a. What are the prime factors of 123/(0 + 3) + o?
3, 5
Let s = 16 - 10. Suppose 3*u + s = -y, 5*u - 2*u + 9 = 0. What are the prime factors of 3/(2 - y) + 21?
2, 3
Suppose 264 = -5*c - c. Let k = c - -89. Suppose w - 3*t = t + k, t - 20 = -w. What are the prime factors of w?
5
List the prime factors of (-186)/((-5)/3 + 31/(-93)).
3, 31
Suppose -3*r + 1052 + 3058 = 3*x, 2*r - 6865 = -5*x. List the prime factors of x.
5, 11
Suppose -5*a + 607 = 2*t, 2*a - 485 = -2*a - t. Let q = a - -52. What are the prime factors of q?
173
Suppose -5*p + 91 = -4*p. Let b = p - 65. What are the prime factors of b?
2, 13
Let t(y) = -y**2 + 12*y + 12. Let o = -11 - -21. What are the prime factors of t(o)?
2
List the prime factors of (33762/119)/(4/14).
3, 331
Suppose 50 + 18 = 2*p. Let t be -18 - (-1 + (3 - -1)). Let b = t + p. What are the prime factors of b?
13
Suppose 0 = -82*v + 81*v + 650. List the prime factors of v.
2, 5, 13
Let k(w) = -w**2 - 12*w + 9. Let g(x) = -3*x**2 - 25*x + 19. Let v(z) = -3*g(z) + 7*k(z). 